57. List the prime factors of u.
3, 29
Let d(g) = 37 + 31*g + 4*g + 15*g. What are the prime factors of d(5)?
7, 41
Let p = 1171 + -698. What are the prime factors of p?
11, 43
Suppose -s + 5*t + 1110 = 0, -5*s + 4*t - 1638 + 7188 = 0. List the prime factors of s.
2, 3, 5, 37
Suppose 4*c - 8*c - 8 = 0. Let j be ((-3)/c)/(9/12). Suppose i - 24 = 3*x, 3*i - 46 = -i + j*x. What are the prime factors of i?
3
Suppose -6*y - 5*k + 186 = -3*y, -4*y = -k - 248. Suppose 0 = b - s + 34, -5*b = -0*b + 5*s + 190. Let g = y + b. What are the prime factors of g?
2, 13
Let s be (-2)/(-5) - (-674)/(-10) - -2. Let t = s + 104. List the prime factors of t.
3, 13
Suppose k = 5*h - 3*k - 21, 20 = -5*k. Let n(q) = q**3 - 12*q**2 + 11*q + 6. Let b be n(11). List the prime factors of (-14 - h)*(-2)/b.
5
Let t = -37 - -560. List the prime factors of t.
523
Let w be (284/(-6))/(6 + (-20)/3). Suppose y - 2*n + 0*n = w, -2*y = -n - 136. What are the prime factors of y?
67
Suppose 2*g = 3*a - g, -2*a = 3*g - 15. Suppose 0 = -13*o + 8*o. Suppose -c - 25 = -a*p + 5, o = -4*c. What are the prime factors of p?
2, 5
Let t(a) be the third derivative of -a**6/120 - a**5/10 - a**4/24 - a**3/6 + 3*a**2. Let n be t(-6). Suppose n*p = p + 12. List the prime factors of p.
3
Suppose -399 - 2655 = -6*v. What are the prime factors of v?
509
Let p(g) = g**3 + 3*g**2 - 22*g - 8. Suppose 3*s - 5*s = -2*b - 22, s = 4*b + 29. What are the prime factors of p(b)?
2
Let u(i) = 30*i**2 + 76*i - 793. What are the prime factors of u(11)?
3673
Let g(l) = 18*l - 68. What are the prime factors of g(13)?
2, 83
Suppose -7*w - 3 + 10 = 0. List the prime factors of w + ((-11)/33)/(2/(-894)).
2, 3, 5
Let k(a) = -a**2 - 1. Let s be k(-1). Let w(g) = -g - 2. Let b be w(s). Suppose 0 = 4*t - b*t - 140. List the prime factors of t.
5, 7
List the prime factors of 14/(-4)*10722/(-21).
1787
Let y(c) = -c + 10. Let l be y(7). Suppose -3*u + 11 = -2*k, -2*u + 3*k + 1 - 2 = 0. What are the prime factors of 2 + u - l - 0?
2, 3
Let x = -17 - -22. Suppose b + 34 = m, -x*m - 2*b + 46 = -159. What are the prime factors of m?
3, 13
Let k be 1/(-6) + (-254)/(-12). Let w = -18 + k. Suppose -3*m + 4*q = -14, -2*q = -4*m + w*m + 6. List the prime factors of m.
2
Let i(r) = -170*r + 11. What are the prime factors of i(-14)?
3, 797
Let f(d) = -161*d**3 + 9*d**2 + 12*d + 6. What are the prime factors of f(-2)?
2, 653
Let w = -54 - -53. What are the prime factors of (6 + 1 + w)*2?
2, 3
Let c(b) = 341*b - 70. List the prime factors of c(1).
271
Let w = 22 - -39. Let u = 5 + w. List the prime factors of u.
2, 3, 11
Suppose 2 = -d + 4, 0 = -3*c + d + 178. What are the prime factors of (c/(-18) - -5)/((-2)/(-138))?
5, 23
Let z(g) = -4*g**2 + 2*g - 21. Let o(k) = -k**2 + 1. Let f(n) = 3*o(n) - z(n). List the prime factors of f(0).
2, 3
Suppose 15*z - 1344 = 1221. List the prime factors of z.
3, 19
Let d(t) = 27*t**2 - 14*t - 116. What are the prime factors of d(-5)?
17, 37
Let f(p) = -228*p - 357. What are the prime factors of f(-25)?
3, 13, 137
Suppose 4*i + s + 4*s = -17, 10 = -3*i - s. List the prime factors of 0 + i - (-15 + 6).
2, 3
Suppose 365 = z - 3*d, -4*z + 5*d + 1451 = 2*d. What are the prime factors of z?
2, 181
Suppose -2*g + 4*f = -0*g + 4, 4*f = 4*g + 8. Let x be (-20)/(3 - g)*2. What are the prime factors of ((-130)/x)/(8/32)?
5, 13
Let f be (-16)/56 - (-19)/(-7). Let o(h) = -10*h + 14. Let i(m) = 5*m - 7. Let k(s) = -13*i(s) - 6*o(s). List the prime factors of k(f).
2, 11
Let c(u) = u + 1. Let w be c(1). Suppose 3*r + 5*j = -25 - 4, -w*r + 2*j = -2. List the prime factors of 4/(4/(r + 31)).
2, 7
Let v(s) = s**2 - s + 67. Let n(g) = -2*g + 6. Let p be n(3). List the prime factors of v(p).
67
Let y(s) = 7*s**2 + 13*s + 62. What are the prime factors of y(-9)?
2
Let m(o) = 2*o - 3. Let j be m(6). Let k = 8 - j. What are the prime factors of (-10 - -7)*k*1?
3
Let n(k) = 2*k - 6. Let v be n(-7). List the prime factors of ((-504)/v - -1 - 1)*5.
2, 3, 7
Let i(g) = 3*g**2 + 1. Let d = 25 - 21. List the prime factors of i(d).
7
Suppose 0*z + z - 363 = 5*q, 721 = 2*z - 5*q. Suppose 6*t + z - 1138 = 0. What are the prime factors of t?
2, 5, 13
Let g = -15 - -18. Suppose 4*d - g*f - 72 = -4, -16 = -4*f. Suppose -x + d + 10 = 0. List the prime factors of x.
2, 3, 5
Let z(x) = -x**2 + 4*x + 5. Suppose -5*u + u = -16. Let q be z(u). Suppose -p - 5*l + 1 = -2*p, 97 = 3*p + q*l. List the prime factors of p.
2, 3
Let v(z) = z**3 - 3*z**2 + z - 5. Let b be v(3). What are the prime factors of (-12)/(-9)*(107 + b)?
2, 5, 7
Let p = 830 + -372. List the prime factors of p.
2, 229
Suppose -142*b = -145*b + 1602. List the prime factors of b.
2, 3, 89
Let d(c) = -2*c - 2. Let k be d(-2). Let q(b) = 11*b**2 + b - 1. Let f be q(k). Suppose -3*w + f = -4*l, -4*w - 3*l = -9*w + 64. List the prime factors of w.
11
Suppose 2*v + 9 = 4*z - 1, 2*v = -z + 15. List the prime factors of (-1348)/(-10) - (-1)/v.
3, 5
List the prime factors of -6 - (-12)/6*46.
2, 43
Let n = 542 + -430. List the prime factors of n.
2, 7
Suppose 2*h + h + 3 = 0. Let v = 10 + h. Let k = v - 4. What are the prime factors of k?
5
Suppose 7190 = 2*y + 18*n - 20*n, 5*y + 2*n - 17996 = 0. What are the prime factors of y?
2, 7, 257
Let a = -36 + 41. Suppose -b = -3*b - a*w + 264, 2*b = 4*w + 264. What are the prime factors of b?
2, 3, 11
Let q(s) = -s**3 + 11*s**2 - 9*s - 6. Let h be q(10). Suppose 13*n = h*n + 936. List the prime factors of n.
2, 13
Suppose 18*k - 66*k = -111840. What are the prime factors of k?
2, 5, 233
Let w = 591 - -3437. List the prime factors of w.
2, 19, 53
Let y = -962 - -2530. What are the prime factors of y?
2, 7
Let v be (-2)/(-11) - (-5985)/55. Suppose i - 4*t - v = -25, -4*i + 282 = 2*t. What are the prime factors of i?
2, 3
Let b = 1160 - -777. What are the prime factors of b?
13, 149
Let q = -1138 + 1854. What are the prime factors of q?
2, 179
Let l = -2 + 10. Let j(s) = -s**2 + 10*s + 11. List the prime factors of j(l).
3
Let y(f) = f**2 + 8*f + 14. Let k(l) = 7*l**2 - 1. Let n be k(1). Let b = -14 + n. What are the prime factors of y(b)?
2, 7
What are the prime factors of 2355 - ((-3)/(-2))/(9/(-42))?
2, 1181
Suppose m + 2 = 2*m + 4*s, m = -2*s + 2. Suppose -m*w + 4*b + 20 = 0, 3*b + 8 = -3*w + w. List the prime factors of w/(4/6) - -27.
2, 3, 5
Let n(f) = -f**2 - 6*f. Let m be n(-5). Suppose -c - p - 211 = -232, c - 5*p = 9. Suppose -c - 126 = -m*w. List the prime factors of w.
29
Suppose 2*w - 6*k + k - 429 = 0, -2*k - 616 = -3*w. Suppose -5*v - w + 32 = 0. Let n = v + 57. List the prime factors of n.
23
Let q be 1/2*(-882)/(6 + 1). Let w = 154 + q. List the prime factors of w.
7, 13
Let f(a) be the second derivative of -a**5/20 - a**4/4 + a**3/2 + 2*a**2 - 2*a. Let t be f(-4). Let i(s) = s**2 - 6*s + 7. List the prime factors of i(t).
23
Let g = 84 - 80. Suppose -292 = -5*d + z, z + 251 = g*d + 6*z. List the prime factors of d.
59
Suppose 0 = 7*g - 7 - 14. What are the prime factors of ((-2090)/33)/((-4)/18*g)?
5, 19
Suppose 7*f = -942 + 11442. List the prime factors of f.
2, 3, 5
Let g = -195 - -1955. List the prime factors of g.
2, 5, 11
Let g = 1951 - 1348. List the prime factors of g.
3, 67
Let o = 175 - 73. Suppose -z + 3*z = o. List the prime factors of z.
3, 17
Let y be (24/15)/((-2)/(-165)). Suppose 0*l + y = 2*l. What are the prime factors of l?
2, 3, 11
Suppose 136*i - 73*i - 88263 = 0. List the prime factors of i.
3, 467
Let q(b) = -b**2 - 9*b + 13. Let a be q(-10). Suppose -221 = -a*z - 44. Suppose 2*h = h + z. List the prime factors of h.
59
Let p = 639 - 472. What are the prime factors of p?
167
Let k(v) = v**3 + 3*v**2 + 7*v + 4514. List the prime factors of k(0).
2, 37, 61
List the prime factors of (-14688)/(-13) - (105/(-91) - -1).
2, 5, 113
Let x(t) = t**3 + 5*t**2 - 4*t - 2. Let z be x(-4). Let v = 19 - z. List the prime factors of 1*-1 + (15 - v).
5
Suppose -9*q + 12 = -6. Suppose t - p - 89 = 0, 0 = q*t - 0*t + 5*p - 192. List the prime factors of t.
7, 13
Suppose 8715 + 2811 = 6*s. What are the prime factors of s?
17, 113
Suppose -g + 2 = -2*g. Let d(a) = -2*a - 22. Let k be d(-10). List the prime factors of (k + 4)*(g - -29).
2, 3
Suppose -4*t + 32 - 8 = 0. Let x(y) = -23*y + 135. Let n be x(7). Let b = t - n. List